{"id":7,"date":"2026-03-15T09:53:25","date_gmt":"2026-03-15T09:53:25","guid":{"rendered":"https:\/\/sellergroup.dk\/?page_id=7"},"modified":"2026-03-18T10:32:18","modified_gmt":"2026-03-18T10:32:18","slug":"forside","status":"publish","type":"page","link":"https:\/\/sellergroup.dk\/","title":{"rendered":"Forside"},"content":{"rendered":"\t\t<div data-elementor-type=\"wp-post\" data-elementor-id=\"7\" class=\"elementor elementor-7\">\n\t\t\t\t<div class=\"elementor-element elementor-element-4a9dcb1 e-grid e-con-full e-con e-parent\" data-id=\"4a9dcb1\" data-element_type=\"container\" data-e-type=\"container\">\n\t\t<div class=\"elementor-element elementor-element-f730702 e-con-full e-flex e-con e-child\" data-id=\"f730702\" data-element_type=\"container\" data-e-type=\"container\">\n\t\t\t\t<div class=\"elementor-element elementor-element-f7381d6 elementor-widget elementor-widget-spacer\" data-id=\"f7381d6\" data-element_type=\"widget\" data-e-type=\"widget\" data-widget_type=\"spacer.default\">\n\t\t\t\t\t\t\t<div class=\"elementor-spacer\">\n\t\t\t<div class=\"elementor-spacer-inner\"><\/div>\n\t\t<\/div>\n\t\t\t\t\t\t<\/div>\n\t\t\t\t<div class=\"elementor-element elementor-element-33d1531 elementor-widget elementor-widget-image\" data-id=\"33d1531\" data-element_type=\"widget\" data-e-type=\"widget\" data-widget_type=\"image.default\">\n\t\t\t\t\t\t\t\t\t\t\t\t\t\t\t\t<a href=\"https:\/\/sellerbrand.dk\/\" target=\"_blank\">\n\t\t\t\t\t\t\t<img fetchpriority=\"high\" decoding=\"async\" width=\"800\" height=\"153\" src=\"https:\/\/sellergroup.dk\/wp-content\/uploads\/2026\/03\/seller-1024x196.png\" class=\"attachment-large size-large wp-image-97\" alt=\"\" srcset=\"https:\/\/sellergroup.dk\/wp-content\/uploads\/2026\/03\/seller-1024x196.png 1024w, https:\/\/sellergroup.dk\/wp-content\/uploads\/2026\/03\/seller-300x58.png 300w, https:\/\/sellergroup.dk\/wp-content\/uploads\/2026\/03\/seller-768x147.png 768w, https:\/\/sellergroup.dk\/wp-content\/uploads\/2026\/03\/seller-1536x295.png 1536w, https:\/\/sellergroup.dk\/wp-content\/uploads\/2026\/03\/seller-2048x393.png 2048w\" sizes=\"(max-width: 800px) 100vw, 800px\" \/>\t\t\t\t\t\t\t\t<\/a>\n\t\t\t\t\t\t\t\t\t\t\t\t\t\t\t<\/div>\n\t\t\t\t<div class=\"elementor-element elementor-element-b22de79 elementor-widget elementor-widget-text-editor\" data-id=\"b22de79\" data-element_type=\"widget\" data-e-type=\"widget\" data-widget_type=\"text-editor.default\">\n\t\t\t\t\t\t\t\t\t<p>Hos\u00a0Seller\u00a0er\u00a0vi\u00a0drevet\u00a0af\u00a0\u00e9n\u00a0ting.<br \/>At hj\u00e6lpe virksomheder med at blive husket.<br \/>Vi tror p\u00e5, at st\u00e6rke brands skabes i m\u00f8det mellem mennesker, oplevelser og detaljer<br \/>og netop derfor arbejder vi m\u00e5lrettet med\u00a0<br \/>logoartikler,\u00a0firmat\u00f8j\u00a0og\u00a0profilprodukter,\u00a0<br \/>der ikke blot b\u00e6rer dit logo, men forst\u00e6rker din identitet.<\/p>\t\t\t\t\t\t\t\t<\/div>\n\t\t\t\t<\/div>\n\t\t<div class=\"elementor-element elementor-element-b11458f e-con-full e-flex e-con e-child\" data-id=\"b11458f\" data-element_type=\"container\" data-e-type=\"container\">\n\t\t\t\t<div class=\"elementor-element elementor-element-1111ef7 elementor-widget elementor-widget-spacer\" data-id=\"1111ef7\" data-element_type=\"widget\" data-e-type=\"widget\" data-widget_type=\"spacer.default\">\n\t\t\t\t\t\t\t<div class=\"elementor-spacer\">\n\t\t\t<div class=\"elementor-spacer-inner\"><\/div>\n\t\t<\/div>\n\t\t\t\t\t\t<\/div>\n\t\t\t\t<div class=\"elementor-element elementor-element-36fc231 elementor-widget elementor-widget-image\" data-id=\"36fc231\" data-element_type=\"widget\" data-e-type=\"widget\" data-widget_type=\"image.default\">\n\t\t\t\t\t\t\t\t\t\t\t\t\t\t\t\t<a href=\"https:\/\/fips-agentur.dk\/\" target=\"_blank\">\n\t\t\t\t\t\t\t<img decoding=\"async\" width=\"2446\" height=\"469\" src=\"https:\/\/sellergroup.dk\/wp-content\/uploads\/2026\/03\/FIPS.png\" class=\"attachment-full size-full wp-image-98\" alt=\"\" srcset=\"https:\/\/sellergroup.dk\/wp-content\/uploads\/2026\/03\/FIPS.png 2446w, https:\/\/sellergroup.dk\/wp-content\/uploads\/2026\/03\/FIPS-300x58.png 300w, https:\/\/sellergroup.dk\/wp-content\/uploads\/2026\/03\/FIPS-1024x196.png 1024w, https:\/\/sellergroup.dk\/wp-content\/uploads\/2026\/03\/FIPS-768x147.png 768w, https:\/\/sellergroup.dk\/wp-content\/uploads\/2026\/03\/FIPS-1536x295.png 1536w, https:\/\/sellergroup.dk\/wp-content\/uploads\/2026\/03\/FIPS-2048x393.png 2048w\" sizes=\"(max-width: 2446px) 100vw, 2446px\" \/>\t\t\t\t\t\t\t\t<\/a>\n\t\t\t\t\t\t\t\t\t\t\t\t\t\t\t<\/div>\n\t\t\t\t<div class=\"elementor-element elementor-element-98cef42 elementor-widget elementor-widget-text-editor\" data-id=\"98cef42\" data-element_type=\"widget\" data-e-type=\"widget\" data-widget_type=\"text-editor.default\">\n\t\t\t\t\t\t\t\t\t<p>Fips er et dedikeret agentur, der<br \/>repr\u00e6senterer n\u00f8je udvalgte brands med st\u00e6rk identitet og h\u00f8j kvalitet. Vores fokus er at bygge bro mellem brand og marked gennem strategisk salg, professionel r\u00e5dgivning og langvarige relationer.<br \/>Vi arbejder t\u00e6t sammen med b\u00e5de vores brands og kunder for at sikre den rette positionering og synlighed. For os handler det ikke kun om distribution det handler om at skabe v\u00e6kst og v\u00e6rdi for alle parter.<\/p>\t\t\t\t\t\t\t\t<\/div>\n\t\t\t\t<\/div>\n\t\t<div class=\"elementor-element elementor-element-5903cad e-con-full e-flex e-con e-child\" data-id=\"5903cad\" data-element_type=\"container\" data-e-type=\"container\">\n\t\t\t\t<div class=\"elementor-element elementor-element-09f6aac elementor-widget elementor-widget-spacer\" data-id=\"09f6aac\" data-element_type=\"widget\" data-e-type=\"widget\" data-widget_type=\"spacer.default\">\n\t\t\t\t\t\t\t<div class=\"elementor-spacer\">\n\t\t\t<div class=\"elementor-spacer-inner\"><\/div>\n\t\t<\/div>\n\t\t\t\t\t\t<\/div>\n\t\t\t\t<div class=\"elementor-element elementor-element-8f0ca88 elementor-widget elementor-widget-image\" data-id=\"8f0ca88\" data-element_type=\"widget\" data-e-type=\"widget\" data-widget_type=\"image.default\">\n\t\t\t\t\t\t\t\t\t\t\t\t\t\t\t\t<a href=\"https:\/\/officecare.dk\/\" target=\"_blank\">\n\t\t\t\t\t\t\t<img decoding=\"async\" width=\"2446\" height=\"469\" src=\"https:\/\/sellergroup.dk\/wp-content\/uploads\/2026\/03\/OfficeCare.png\" class=\"attachment-full size-full wp-image-96\" alt=\"\" srcset=\"https:\/\/sellergroup.dk\/wp-content\/uploads\/2026\/03\/OfficeCare.png 2446w, https:\/\/sellergroup.dk\/wp-content\/uploads\/2026\/03\/OfficeCare-300x58.png 300w, https:\/\/sellergroup.dk\/wp-content\/uploads\/2026\/03\/OfficeCare-1024x196.png 1024w, https:\/\/sellergroup.dk\/wp-content\/uploads\/2026\/03\/OfficeCare-768x147.png 768w, https:\/\/sellergroup.dk\/wp-content\/uploads\/2026\/03\/OfficeCare-1536x295.png 1536w, https:\/\/sellergroup.dk\/wp-content\/uploads\/2026\/03\/OfficeCare-2048x393.png 2048w\" sizes=\"(max-width: 2446px) 100vw, 2446px\" \/>\t\t\t\t\t\t\t\t<\/a>\n\t\t\t\t\t\t\t\t\t\t\t\t\t\t\t<\/div>\n\t\t\t\t<div class=\"elementor-element elementor-element-f4dae21 elementor-widget elementor-widget-text-editor\" data-id=\"f4dae21\" data-element_type=\"widget\" data-e-type=\"widget\" data-widget_type=\"text-editor.default\">\n\t\t\t\t\t\t\t\t\t<p>Ved at kombinere indretning med m\u00f8bler, kan vi give dig de bedste foruds\u00e6tninger for en sund arbejdsplads.<br \/>Vi er specialister og dine sparringspartner som guider og inspirerer til ergonomisk, funktionel og milj\u00f8venlig design til jeres arbejdsplads.<\/p>\t\t\t\t\t\t\t\t<\/div>\n\t\t\t\t<\/div>\n\t\t\t\t<\/div>\n\t\t\t\t<\/div>\n\t\t","protected":false},"excerpt":{"rendered":"<p>Hos\u00a0Seller\u00a0er\u00a0vi\u00a0drevet\u00a0af\u00a0\u00e9n\u00a0ting.At hj\u00e6lpe virksomheder med at blive husket.Vi tror p\u00e5, at st\u00e6rke brands skabes i m\u00f8det mellem mennesker, oplevelser og detaljerog netop derfor arbejder vi m\u00e5lrettet med\u00a0logoartikler,\u00a0firmat\u00f8j\u00a0og\u00a0profilprodukter,\u00a0der ikke blot b\u00e6rer dit logo, men forst\u00e6rker din identitet. Fips er et dedikeret agentur, derrepr\u00e6senterer n\u00f8je udvalgte brands med st\u00e6rk identitet og h\u00f8j kvalitet. Vores fokus er at bygge [&hellip;]<\/p>\n","protected":false},"author":1,"featured_media":0,"parent":0,"menu_order":0,"comment_status":"closed","ping_status":"closed","template":"elementor_header_footer","meta":{"footnotes":""},"class_list":["post-7","page","type-page","status-publish","hentry"],"_links":{"self":[{"href":"https:\/\/sellergroup.dk\/index.php?rest_route=\/wp\/v2\/pages\/7","targetHints":{"allow":["GET"]}}],"collection":[{"href":"https:\/\/sellergroup.dk\/index.php?rest_route=\/wp\/v2\/pages"}],"about":[{"href":"https:\/\/sellergroup.dk\/index.php?rest_route=\/wp\/v2\/types\/page"}],"author":[{"embeddable":true,"href":"https:\/\/sellergroup.dk\/index.php?rest_route=\/wp\/v2\/users\/1"}],"replies":[{"embeddable":true,"href":"https:\/\/sellergroup.dk\/index.php?rest_route=%2Fwp%2Fv2%2Fcomments&post=7"}],"version-history":[{"count":119,"href":"https:\/\/sellergroup.dk\/index.php?rest_route=\/wp\/v2\/pages\/7\/revisions"}],"predecessor-version":[{"id":162,"href":"https:\/\/sellergroup.dk\/index.php?rest_route=\/wp\/v2\/pages\/7\/revisions\/162"}],"wp:attachment":[{"href":"https:\/\/sellergroup.dk\/index.php?rest_route=%2Fwp%2Fv2%2Fmedia&parent=7"}],"curies":[{"name":"wp","href":"https:\/\/api.w.org\/{rel}","templated":true}]}}